**2 + 6*d - 5. Let v(f) = 4*f**2 + 5*f - 6. Let i(h) = 3*s(h) - 2*v(h). List the prime factors of i(-14).
3
Let x(c) = 123*c + 164. What are the prime factors of x(11)?
37, 41
Let k = 162 + -307. Let n = -101 - k. What are the prime factors of n?
2, 11
Let g(s) = 6*s**2 - 5*s + 189. List the prime factors of g(16).
5, 7, 47
Let a(c) = -2*c - 40. Let t(i) = -i - 27. Let n(b) = -5*a(b) + 7*t(b). Suppose 2*v = -5 + 17. List the prime factors of n(v).
29
Let u = 1977 + 2735. What are the prime factors of u?
2, 19, 31
Suppose -2*l - 3*l - 258 = -r, r - 249 = 2*l. What are the prime factors of r?
3
Let g(m) = 37*m - 58. List the prime factors of g(11).
349
Suppose -29*n + 39960 = -41588. List the prime factors of n.
2, 19, 37
Let s be 8365/15 - 1/(-3). Let l = -270 + s. What are the prime factors of l?
2, 3
Suppose -68 = -2*f - 0. What are the prime factors of f?
2, 17
Suppose -16 + 0 = q. Let d be 2/(-8) + (-388)/q. Suppose -3*h = 6, 102 + d = 4*m + h. What are the prime factors of m?
2
Suppose 5*f + s - 14933 = 0, 14 = s + 16. What are the prime factors of f?
29, 103
List the prime factors of 4/((-8)/(-10836)*9).
2, 7, 43
Let k(b) = -267*b - 1. Let i be k(-5). Suppose i - 194 = 4*y. Suppose y = 4*w + w. List the prime factors of w.
3, 19
Let h(v) = v**3 - 9*v**2 + 3*v - 1. Let r be h(8). Let n = 33 - r. What are the prime factors of n?
2, 37
Let r be (-4)/(-18) + (-20)/9. Let c be 1*(1 + r)*-2. Suppose -2*l + 24 = 2*l + 4*f, l = c*f + 3. What are the prime factors of l?
5
Let z = -10 + 12. Let k(c) = -15*c + z - 2 + 1. List the prime factors of k(-1).
2
Suppose 14*n - 29207 = 37979. What are the prime factors of n?
4799
List the prime factors of 400 - (0 + 6)/(6/(-3)).
13, 31
Suppose -3*s - 2*s + 105 = 0. Let d = 19 + -13. Let u = s + d. What are the prime factors of u?
3
Let l be (-4)/(-6) + (-4 - 988/(-3)). Suppose -p = -4*z - 0*p + l, 0 = z + 2*p - 86. What are the prime factors of z?
2, 41
Suppose -3*b + 201 = -3*s - 513, 3*b + 3*s - 714 = 0. What are the prime factors of b?
2, 7, 17
Let s = 23 - 0. Let o = -22 + s. Suppose o = -p + 18. What are the prime factors of p?
17
Suppose -4*g + 39 = 23. Suppose 2*y - g*o - 16 = -2*o, 2*y + 2*o - 20 = 0. Suppose -y = 3*n, -2*n = 3*m - 5*n - 189. What are the prime factors of m?
2, 3, 5
Suppose -2*x = 2*x. Suppose -3*g - 12 - 15 = x. What are the prime factors of (g + 6)*4*-1?
2, 3
Suppose -5*w = 5*r - 20, -5*r - 2*w + 10 = -4. Suppose r*d = -8 + 20. Suppose 5*h + 32 = 2*o, -8 = -d*h + 2*h. What are the prime factors of o?
3, 7
Let a(j) = 9*j**3 - 3 - 4 - 2*j - 10*j**3 - 6*j**2 - 5*j. Let t be a(-5). Let l = 22 + t. What are the prime factors of l?
5
Suppose 159*q + 182682 = 210*q. What are the prime factors of q?
2, 3, 199
Suppose 6 = 6*a - 4*a. Suppose 357 - 105 = a*p. Suppose 2*c - 2*q - 84 = 0, -2*c + 2*q = -2*q - p. What are the prime factors of c?
2, 3, 7
Suppose 16*w + 36 = 20*w. Suppose 7*t - w*t + 190 = 0. List the prime factors of t.
5, 19
Suppose -19 = r + 7. Let x = -18 - r. Suppose -5*t + 50 = m - x*t, t = 4*m - 189. List the prime factors of m.
47
Suppose -2*c - 3*f + 7 = 0, -c = 4*c - 2*f + 30. List the prime factors of 742/14 + 0 + c/2.
3, 17
Suppose -4*t - 2*w = -2*t - 1168, -4*t + 4*w + 2368 = 0. List the prime factors of t.
2, 3, 7
Let t = 929 + -529. Suppose 0*b - t = -8*b. List the prime factors of b.
2, 5
Let n be 2/(30/205)*-9. What are the prime factors of -2*2/(-4) - n?
2, 31
Suppose -4*q - 59 = -5*y, -y + 6 + 7 = -2*q. Suppose 2*m - y = 1. Suppose m*b - 124 = 2*b. List the prime factors of b.
31
Suppose 0 = -2*r - 4*r + 30. Suppose u = -r*m + 270, 0 = 5*m - 3*u + u - 285. What are the prime factors of m?
5, 11
Suppose -s + w - 52 = -2557, 0 = w - 5. What are the prime factors of s?
2, 5, 251
Let i(m) = 10*m - 11 + 8 - 2*m**2 - 12 + 4*m**2. What are the prime factors of i(-10)?
5, 17
Let b be ((-42)/(-9) - 4)*1938/4. Let p = -77 + b. List the prime factors of p.
2, 3, 41
Let q = 10423 + -7089. List the prime factors of q.
2, 1667
Let g(i) = -46*i - 3. Let b be g(-2). Let d = b + -52. What are the prime factors of d?
37
Suppose 13*j = 21*j - 5016. What are the prime factors of j?
3, 11, 19
Let j be -2 + 2 - (-5 - -1). Suppose -2*y - 28 = -4*z, -11 = -z - 4*y - j. Suppose 3*v - 8 = z. What are the prime factors of v?
5
Let j(s) = s**3 + s**2 + 2*s + 411. What are the prime factors of j(0)?
3, 137
Let g(v) = v - 6. Let b = 32 + -15. What are the prime factors of g(b)?
11
Let l be 1158/(-14) - ((-80)/(-56))/5. Let w = l + 170. What are the prime factors of w?
3, 29
Let o = 2 - 1. Let c(u) = -u**2 + 1. Let g(t) = -3*t**2 + 5*t + 10. Let k(b) = o*g(b) - 5*c(b). What are the prime factors of k(-4)?
17
Suppose 0 = -16*b + 6952 + 7624. List the prime factors of b.
911
Let y = -5 - -5. Let z = 0 - -52. Suppose y = -4*n + z + 104. What are the prime factors of n?
3, 13
Let f = 264 + 364. List the prime factors of f.
2, 157
Suppose 4*j = 9 - 1. Suppose 0 = -y - 5*r - 8 - 5, 2 = 4*y + j*r. Suppose -y*q + 27 = 17. List the prime factors of q.
5
Let y(l) = 28*l - 83. Let s be y(3). Let k(t) = t + 12*t**2 - 4*t**2 + t - 2. List the prime factors of k(s).
2
What are the prime factors of 763/2 - 78/(-52)?
383
Let m = -9 + 2. Let b = 12 + m. Suppose -4*s + b*k + 194 = 0, 3*k + 58 = 2*s - 38. List the prime factors of s.
3, 17
Let u be 6 - (-5 + 6 + 1). Suppose -5*f = -q + 241, -u*q - 3*f + 707 = -326. What are the prime factors of q?
2
Let j(d) = -d**3 - 6*d**2 - 4*d + 7. Suppose 0 = 5*o - 2*y - y, o - 3*y = -12. Let c = -2 - o. What are the prime factors of j(c)?
2
Suppose 4*f - 1106 = 3*c, -525 = -2*f + 5*c + 35. What are the prime factors of f?
5, 11
Suppose 0 = -t - 2*h + 5, -3*t - 2*h = -5*t + 4. Suppose -3*q + 116 = -4*f, t = -q - 5*f + 67. List the prime factors of q.
2, 11
Let h(s) be the third derivative of 0*s**5 + 0*s**4 + 4*s**2 + 1/6*s**3 + 0 + 0*s - 13/60*s**6. List the prime factors of h(-1).
3
Suppose -596 + 2216 = 3*j. Suppose -j = -11*a + 8*a. List the prime factors of a.
2, 3, 5
Let u(o) = 419*o**2 + 15*o + 30. List the prime factors of u(-2).
2, 419
Suppose 386*s - 390*s + 20696 = 0. List the prime factors of s.
2, 13, 199
Suppose 0 = 4*g - g + 12. What are the prime factors of 2*g/(-8)*21?
3, 7
Let w(c) be the third derivative of c**6/60 + 13*c**5/30 - c**4/6 - c**3 - 26*c**2. What are the prime factors of w(-13)?
2, 23
Let n = 73 + -63. List the prime factors of (188/n)/((-4)/(-20)).
2, 47
Let z(x) = 2*x - 12. Let w be z(6). Suppose w = 5*g - 179 - 1381. List the prime factors of g.
2, 3, 13
Let f = 118 - 52. Suppose 5*g + 3*s + 21 - f = 0, 0 = -5*g + 2*s + 20. Suppose 2*x - g*x + 26 = 2*c, -c - 4*x + 9 = 0. List the prime factors of c.
17
Let g = -162 + 96. Let j = -50 - g. List the prime factors of j.
2
Let u(i) = -990*i - 4. List the prime factors of u(-2).
2, 13, 19
Let q(u) = 4*u**2 - 5*u + 3. Let v be q(9). Suppose 2*n + v = 8*n. Suppose -4*m = 3*f - 175, -2*m - f + 38 = -n. List the prime factors of m.
2, 5
What are the prime factors of (-30726)/(-48) - 2/16?
2, 5
Suppose 4*y + 246 = -5*k, 229 + 3 = -4*y + 2*k. Let a = 16 - y. List the prime factors of a.
3, 5
Suppose -3*j + 4*j - 5*t + 17 = 0, 0 = t - 3. Let l = -139 + 205. What are the prime factors of l/4 - j/4?
17
Suppose 0 = -3*d - 5*g + 289, -g + 156 = 2*d - 5*g. Suppose -92*a + d*a + 288 = 0. What are the prime factors of a?
2, 3
Let p(v) = 2*v - 11. Suppose 4*k = -2*z + 2*k + 18, 5*k = 3*z - 19. What are the prime factors of p(z)?
5
Let w(d) = 18*d**2 + d. Let j = -25 + 28. Suppose 4*y - 7*y - j = 0. List the prime factors of w(y).
17
Suppose 0 = -3*m + 4*l + 291 + 42, -2*m + 5*l = -222. Suppose m = 5*n - 2*n. What are the prime factors of n?
37
Let g = -99 - -106. Suppose g*o - 372 = 4*o. List the prime factors of o.
2, 31
Let d(w) be the second derivative of 2*w**3 - 14*w**2 + 34*w. What are the prime factors of d(5)?
2
Let v(r) = 9*r**3 - 2*r**2 + 4*r - 2. Let k be v(1). List the prime factors of (6/(k - 3))/(2/38).
19
Let l(q) = 2561*q + 23. What are the prime factors of l(1)?
2, 17, 19
Suppose 5*n - 5 = 0, 2*n + 3693 = 5*i - 4150. List the prime factors of i.
3, 523
Suppose 0*d = -2*d + 8. Let p(o) = 10*o - 3 - 5*o + 13*o - 4*o. List the prime factors of p(d).
53
Let p = 822 + -524. What are the prime